 + 693/(-49))*-35.
8
Suppose a + 4*s + 57 = 0, 5*a = -s - 295 + 10. Let j = -26 - a. Suppose -y - 4*y = -5*d + 60, 5*d - 92 = -3*y. What is the remainder when j is divided by d?
15
Suppose 0 = -a + 7 - 1. Let f(z) = z**2 - 11. What is the remainder when f(a) is divided by 10?
5
Let o = 20 - 16. Suppose 0 = l + 2*s + o, -2*l - 3*s = -0*l + 8. Let n = 1 - l. What is the remainder when n is divided by 4?
1
Let b = -596 + 712. What is the remainder when b is divided by 66?
50
Calculate the remainder when 68 is divided by -2*((-5)/2)/(44/88).
8
Let r(j) = -j - 11. Let g = 1 - 7. Let p be r(g). Calculate the remainder when (-2 - -1) + (49 - p) is divided by 27.
26
Let l = 221 + -195. Calculate the remainder when 181 is divided by l.
25
Let o(j) = 10*j**2 + 5*j - 11*j**2 + 3 - 2*j. Let x be o(3). Suppose -t + 16 = f - 3*t, x*f + t - 41 = 0. What is the remainder when 40 is divided by f?
12
What is the remainder when -120*(4 - 176/40) is divided by 14?
6
Let r(o) = 10*o**3 - o**2 - 24*o + 73. What is the remainder when r(6) is divided by 8?
5
Let s = 1396 - 1335. What is the remainder when 98 is divided by s?
37
Suppose 2*c + 10*c - c = 0. Calculate the remainder when 105 is divided by (-27*1*(-1 + c))/1.
24
Suppose i + 4*a = -6, -4*i - a - 24 = -3*a. Let w = 21 - i. What is the remainder when 44 is divided by w?
17
Let v(k) = -k + 33. Calculate the remainder when 43 is divided by v(6).
16
Let p = 73 + -66. Calculate the remainder when 38 is divided by p.
3
Calculate the remainder when 3/(7 - (-1264)/(-184)) is divided by 19.
4
Let t be (-2)/(-5) + 43/5. Suppose -c = -4*c + 3, c + 44 = 3*j. Let v = j - t. What is the remainder when v is divided by 3?
0
Let i be ((-4)/3*1)/((-4)/6). What is the remainder when (6/((-72)/(-123)))/(i/16) is divided by -6*(5/(-2) + -1)?
19
Let f(o) = 99*o + 1016. Calculate the remainder when 84 is divided by f(-10).
6
Suppose 2*c - 2*s = 2, -3*c + s + 1 = -s. Let q be (5 - 3) + (-2 - c). Let y = q - -21. Calculate the remainder when y is divided by 5.
2
Suppose -6*n + 15*n - 1782 = 0. Suppose n - 38 = 8*a. What is the remainder when 137 is divided by a?
17
Let k(o) = -64*o**2 + 1090*o - 18. Let q be 18/(-8)*(-416)/6. Suppose 0*d - q = -2*d. What is the remainder when d is divided by k(17)?
14
Let m(h) = 76*h - 1940. Calculate the remainder when (-2)/(1*4/(-142)) is divided by m(26).
35
Suppose -4*j + 3*h = -175, 124 = -j + 4*j + 5*h. Suppose -4*z + j = -273. What is the remainder when z is divided by 40?
39
Suppose 11*l - p + 351 = 14*l, -2*p - 124 = -l. Calculate the remainder when l is divided by 30.
28
Suppose 0 = 11*x - 193 + 6. Calculate the remainder when 33 is divided by (21 - 18) + 3/(3/x).
13
Suppose 3*t + 2*f + 80 = 0, -4*t + 3*t = -5*f + 38. Let j = t + 53. What is the remainder when 72 is divided by j?
22
What is the remainder when 812/3 - 1/(27/(-9)) is divided by 17?
16
Let h(t) = -15*t**3 - t**2 - t - 1. Suppose 2*c + 12 = -5*a, 0 + 6 = -3*a. Calculate the remainder when ((3 - 6)/3)/((-2)/82) is divided by h(c).
13
Let w(y) = -10*y**3 - 2*y**2 - 3*y - 4. Let a be w(-3). Suppose 2*h = -s + 52, 5*s + h - 12 - a = 0. What is the remainder when s is divided by 15?
9
Suppose 0 = q + q - 214. Let c(t) = t**2 - 3*t - 1. Let k(y) = -5*y**3 + 2*y**2 - 2*y + 1. Let d be k(1). Calculate the remainder when q is divided by c(d).
26
Let q(l) = 0*l**2 - 220 + 201 + l + 2*l**2. What is the remainder when q(6) is divided by 16?
11
Let a = 40 + 133. Let s = -120 + a. Calculate the remainder when s is divided by 14.
11
Suppose -3*v = v - 20. Suppose s - 12 + 3 = -v*y, s - 7 = -3*y. Let l(u) = 13*u**3 - u**2 + 1. What is the remainder when l(1) is divided by s?
1
Let s = -194 + 317. Calculate the remainder when s is divided by 62.
61
Let m be 0*((-8 - -2) + 2 - -3). Let d(y) = -y**2 + y + 19. Let v(u) = -17*u + 2. What is the remainder when v(-2) is divided by d(m)?
17
Let r = -1 + 6. Suppose r*p - 21 - 169 = 0. Suppose -4*g + 14 = -p. Calculate the remainder when g is divided by 7.
6
Suppose 23 + 3 = 2*k + t, 0 = 3*k - 3*t - 48. Calculate the remainder when 53 is divided by k.
11
Suppose 4*w + 32 - 198 = 3*u, u - 174 = -4*w. What is the remainder when 160 is divided by w?
31
Let d(y) = y**2 - 16*y + 76. What is the remainder when 88 is divided by d(9)?
10
Suppose -17 = -5*o + 263. Calculate the remainder when 279 is divided by o.
55
Suppose -10*d - 7526 = -63*d. Calculate the remainder when d is divided by 66.
10
Let x = -52 + 63. Suppose 3*p - x = -2*a + 86, 0 = -a - 4*p + 56. Calculate the remainder when a is divided by (-5)/(2/12*-2).
14
Let a(g) = 2*g**3 - 8*g**2 + 7*g - 20. Let k(o) = 2*o**3 - 8*o**2 + 7*o - 19. Let m(b) = -2*a(b) + 3*k(b). What is the remainder when m(5) is divided by 18?
14
Let b(p) = -p**3 - 2*p**2 - 2*p + 4. Let c = -22 - -47. Suppose c*n = 28*n - 45. What is the remainder when b(-4) is divided by n?
14
Calculate the remainder when 157 is divided by (-6)/((8/(-102))/((-48)/(-72))).
4
Let h(v) = -v**2 + 18*v + 22. Suppose d + 1 = -5*p, -31 = -0*d - 3*d + 2*p. Calculate the remainder when h(d) is divided by 53.
50
Suppose 79*o - 83*o = -36. What is the remainder when 47 is divided by o?
2
Suppose 3*h + 395 = 6*h + 2*d, h = 2*d + 137. What is the remainder when 664 is divided by h?
132
Let g be 36/21 + 4/14. Suppose o + 2*y = 6*o - 91, 2*o - 28 = -g*y. What is the remainder when (-50)/(-25)*(-47)/(-2) is divided by o?
13
Let o = -38 - -50. Suppose -g - 33 = 5*w, 2*g + 4*w = -0*g - 78. Let d = -10 - g. Calculate the remainder when d is divided by o.
9
Let t(x) = 3*x**2 + 2*x + 14. Calculate the remainder when t(-3) is divided by 12.
11
Let c = -260 + 293. What is the remainder when 80 is divided by c?
14
Let u(b) = 4*b**2 - 9*b + 10. What is the remainder when u(3) is divided by 4?
3
Suppose 87 = 5*j - 5*o + 17, 6*j - 4*o - 72 = 0. Suppose -t + 25 = x, -3*t + 2*t + 5 = -3*x. What is the remainder when t is divided by j?
4
Suppose 0 = 3*a - 9 - 0. Suppose 2*h = h + a. Calculate the remainder when 12 is divided by h.
0
Suppose -2*v + c + 3*c + 94 = 0, 8 = 2*c. Calculate the remainder when v is divided by 19.
17
Let w(y) = y**2 + 8*y - 22. Let b be w(-10). What is the remainder when ((-8)/b + -12)*-2 is divided by 10?
6
Suppose 4*t + 7*t - 649 = 0. Calculate the remainder when t is divided by 20.
19
Let v(o) = -o + 8. Let u be v(6). Suppose -u*g = -g - 14. Let s(w) = w + 39. What is the remainder when s(-13) is divided by g?
12
Let l = -224 + 1501. Calculate the remainder when l is divided by 128.
125
Let z = -3 - -6. Let k = -2209 + 2215. What is the remainder when k is divided by z?
0
Suppose -s + 206 = 5*y, 6*s - 2*s + y = 805. Calculate the remainder when s is divided by 41.
37
Suppose -5*k - 78 = -2*n, -102 = -187*n + 184*n + 5*k. Let r = -15 + 61. What is the remainder when r is divided by n?
22
Let c(x) = x**3 + 3*x**2 - 7*x - 12. What is the remainder when 24 is divided by c(-3)?
6
Suppose 8*q = 4*q + 624. Suppose -5*w + q = -w. Suppose 5*v - w = -3*c, 3*c = -2*v + 1 + 11. What is the remainder when 25 is divided by v?
7
Suppose -4*q - 4*t + 229 = 49, 4 = -2*t. Suppose 0 = -2*a + q + 15. Calculate the remainder when a is divided by 11.
9
Suppose -b = 3*z + 2*z - 6, 4*b - 5*z = -1. Suppose 5 - b = f. Suppose 3*q - f - 2 = 0. Calculate the remainder when 6 is divided by q.
0
Suppose 3*m - 10 = -2*m + 3*k, m = -5*k + 30. Suppose 0 = -4*u + 3*y + 273, -m*y + 278 = 4*u - 3*y. Calculate the remainder when u is divided by 24.
21
Let f be 66 - (-3 + 5 + -4). Suppose -f + 0 = -4*z. What is the remainder when 32 is divided by z?
15
Let g(x) be the third derivative of -4*x**2 + 1/6*x**3 + 0 - 1/20*x**5 + 0*x + 1/30*x**6 + 1/6*x**4. What is the remainder when g(3) is divided by 24?
22
Let r = 38 + -38. Suppose 0 = 2*c + 2, r*u + u + 3*c = 66. Calculate the remainder when u is divided by 14.
13
Let u(d) = d**2 + 2*d + 10. Let s(w) = w**2 - 7*w - 2. Let f be s(8). What is the remainder when u(f) is divided by 20?
18
Suppose 2*p - 6*p + 52 = 0. Suppose -5*m = -2*m + 3. What is the remainder when p is divided by (-3)/(m/(4/3))?
1
Suppose 0 = 2*k - 5*h - 88, -4*k - 4*h = -0*k - 148. Suppose 0 = p + 3*s, -3*p - 82*s + 32 = -81*s. What is the remainder when k is divided by p?
3
Suppose -2*r + 100 = 2*c, -2*r + 85 